e the prime factors of f?
2, 13
Let j = 13 + -9. Suppose 0 = -j*g - 3*u + 117, 12 = 3*u + 3. What are the prime factors of g?
3
Let k(t) = t**2 + 4*t - 4. Suppose 3*v = 26 + 1. Suppose 0 = 4*c - 15 - v. What are the prime factors of k(c)?
2, 7
Let w(v) = -6*v - 46. Let k(f) = 19*f + 140. Let s(x) = -3*k(x) - 8*w(x). List the prime factors of s(-26).
2, 7, 13
List the prime factors of 728 - ((-20)/160 + 31/(-8)).
2, 3, 61
Let u(v) = 10 - 7*v**3 - 7*v**2 + 2*v**3 + 5*v**3 - v**3 - 2*v. What are the prime factors of u(-7)?
2, 3
Let p(n) = -26*n - 3. Let b be p(-3). Suppose -u = -b - 30. List the prime factors of u.
3, 5, 7
Let i(s) = 8*s + 1. Let w = -10 + 11. What are the prime factors of i(w)?
3
List the prime factors of (-790)/(-14) + 54/(-126).
2, 7
Let p(q) = -1. Let j(d) = -7*d**2 + 11*d - 4. Let s(h) = -j(h) - 3*p(h). List the prime factors of s(-4).
163
Let h(u) = 55*u**2 - u. Let w be 3/(-3)*-1*-1. What are the prime factors of h(w)?
2, 7
List the prime factors of 68/442 + (-36032)/(-26).
2, 3, 7, 11
Let h be (2 + 0)*(-1)/(6/(-249)). Let m be (-4)/14 - 284/(-14). Suppose h = 3*z + m. What are the prime factors of z?
3, 7
Suppose l + 170 = 3*l. Suppose n = -4*w - 44, n + 5*w - 113 = 5*n. Let c = l + n. What are the prime factors of c?
53
Let b(l) = -6*l. Let d be b(-1). Let g = d - 4. Suppose g*i = -4*p + 102, 5*p + 23 = 4*i + 131. List the prime factors of p.
2, 3
Let s(t) = 3*t - 10. Let d = -46 - -53. List the prime factors of s(d).
11
Let b(d) = 2*d**2 - 2*d - 3. Let z = -22 - -30. What are the prime factors of b(z)?
109
Let f be (3 + 28/(-8))*-32. Suppose -2*h - f = 38. List the prime factors of (-9)/h - 14/(-3).
5
Let y(f) = -2*f + 8*f - 2 - 17 - 98*f**2 + 99*f**2. What are the prime factors of y(-16)?
3, 47
Let d(y) = 53*y**2 + 17*y + 4. What are the prime factors of d(-8)?
2, 5, 163
Suppose 5*x - 1551 = -4*y, 0 = -4*x + 5*y - 501 + 1750. List the prime factors of x.
311
Let y(i) = -i**2 - 2*i. Let g be y(-2). Suppose -3*u - 4*u + 434 = g. What are the prime factors of u?
2, 31
Let z = 2554 - 1372. What are the prime factors of z?
2, 3, 197
Let k be (-708)/(-28) + 4/(-14). Let b = -23 + k. Suppose 0 = -b*g - 4 + 44. What are the prime factors of g?
2, 5
Let q(s) = s - 2. Let t be q(-5). Let b = 18 - t. Suppose 0 = 3*f + 2*f - b. List the prime factors of f.
5
Let m(j) = -j**2 - 4*j + 1. Let y be m(-4). Let o be 1*(5/y + -3). Suppose 16 = -o*d + 52. List the prime factors of d.
2, 3
Let q = 408 - -712. List the prime factors of q.
2, 5, 7
Let d(r) = -r**3 - 10*r**2 - 14*r. Let x = -153 - -144. What are the prime factors of d(x)?
3, 5
Let h = 978 - -960. What are the prime factors of h?
2, 3, 17, 19
List the prime factors of 110/(-880) - 53298/(-16).
3331
Let u be (-50)/((2 - 0) + -4). Let x = u + -12. Let l = x + 10. List the prime factors of l.
23
Suppose -4*x + 5*x = -4*i + 3606, i = -x + 900. List the prime factors of i.
2, 11, 41
Suppose -4*h - 12 = -5*h. What are the prime factors of (-84)/6*h/(-14)?
2, 3
Let z be 5/22*8 - (-4)/22. What are the prime factors of 29/(1 + 3 + (-6)/z)?
29
Suppose 29*z - 27*z - 2*i = 3884, -2*z = -4*i - 3878. List the prime factors of z.
5, 389
Let v = -6 - -10. Suppose -421 = -2*t + 3*f, -218 = -t - 2*f - v. List the prime factors of t.
2, 53
Suppose 5*b = -2*a + 1830, -a + 1838 = a + b. List the prime factors of a.
2, 5, 23
Let y(w) = -554*w + 151. What are the prime factors of y(-3)?
7, 37
List the prime factors of -1 + (-4)/2 - -311.
2, 7, 11
Let j(a) = 2 - 3*a - a - 2 - 2. Let l be j(1). Let v(p) = -7*p + 1. What are the prime factors of v(l)?
43
Suppose 5*f = 2*f + 630. List the prime factors of f.
2, 3, 5, 7
Let v be 1 + -2*3/(-3). Suppose -2*u = j - 11, 0*u + v*u - 3 = 3*j. Suppose -u*p + f - 5*f = -40, f - 42 = -5*p. What are the prime factors of p?
2
Suppose -2*f - 686 = -4*c, -11*c + 10*c - 5*f + 177 = 0. List the prime factors of c.
2, 43
Suppose 0 = 4*a - 2*v + 9 - 3, a = -v + 3. Let d(c) = -c**3 + 2*c**2 - c + 184. List the prime factors of d(a).
2, 23
Suppose 7 - 22 = -5*q, 2*q = -2*k - 164. Let r be (-204)/k*20/(-3). List the prime factors of r/6*(-57)/38.
2
Suppose -v = 4*s + 4, 3*s - 3*v + 1 = 2*s. Let i = s - -5. Suppose -37 = -3*o - 3*k - 2*k, -i*o - 5*k = -41. List the prime factors of o.
2
Let a be ((-84)/(-70))/((-4)/((-40)/3)). Suppose -394 = -3*s + 5*x, a*x + 10 = -x. What are the prime factors of s?
2
Suppose 0 = -5*j + 58 + 27. Let i = 21 - j. Suppose -i*f + 156 = -92. List the prime factors of f.
2, 31
Let q(c) = -c + 5. Let w be q(5). Suppose 0 + 324 = 4*a - 2*r, w = -3*r - 6. Suppose 112 = 4*x - a. What are the prime factors of x?
2, 3
Let t be -1*(-2)/(5 - 3). What are the prime factors of 12/4 + (190/t - 4)?
3, 7
Suppose 0 = -22*u + 21*u - 597. Let b = -384 - u. What are the prime factors of b?
3, 71
List the prime factors of (-715391)/(-344) + (-6)/(-16).
2, 5, 13
Suppose -6*p + 3*p + 2*i = -1849, 0 = 4*p + 3*i - 2437. List the prime factors of p.
613
What are the prime factors of (13/26)/((-1)/(-5528))?
2, 691
Let a be (((-3)/4)/(-1))/(7/28). Suppose -88 = -a*v + 113. List the prime factors of v.
67
Let l(n) = -n**3 + 7*n**2 - 8*n + 1. Let g be l(6). Let x be 3/(g + 2)*-21. Suppose -y - y + 4*z = -18, -3*y - 4*z + x = 0. What are the prime factors of y?
5
Suppose 5*w + 7*l = 4*l + 19, 3*l - 14 = -4*w. Suppose 215 = 4*g - w*b, 12 + 0 = -4*b. What are the prime factors of g?
2, 5
What are the prime factors of ((-2)/(-3))/((-76)/(-12) - 6)?
2
Suppose -228*q + 225*q + 69 = 0. Let m(f) = -f**3 + 21*f**2 + 53*f + 23. What are the prime factors of m(q)?
2, 23
Suppose 0 = -3*o - 2*o. Suppose -5*l + 7*l - 240 = o. Suppose 2*i + l = 7*i. List the prime factors of i.
2, 3
Suppose 11*z = 14*z - 6. List the prime factors of (z - (1 + -1)) + 109.
3, 37
Let c = -163 - -93. Let y = c + 115. List the prime factors of y.
3, 5
List the prime factors of 11 + -7 + -867*4/(-6).
2, 3, 97
Suppose -4*w + 4*v = -8412, -w + 1373 = 3*v - 726. List the prime factors of w.
2, 1051
Suppose -12 = -6*l + 12. List the prime factors of l/(-14) - (-2 - (-4086)/(-42)).
3, 11
Suppose -s + 253 + 128 = 2*f, 777 = 4*f + 5*s. Suppose 0*o + f = 2*o. List the prime factors of o.
2, 47
Let a be (-16)/(-3) - (-4)/(-12). Suppose 6 = u - a. Suppose p = -3*p + 5*v + 3, 4*p = -3*v + u. List the prime factors of p.
2
Let w be (34/(-4))/((-7)/56). Suppose 0 = -6*j + 16 + w. List the prime factors of j.
2, 7
Let y = -1299 + 2376. What are the prime factors of y?
3, 359
Let f = 2131 - -2330. List the prime factors of f.
3, 1487
Let j = 18 + -16. Suppose 3 + j = 5*k. List the prime factors of (2*-5 + k)/(-1).
3
Let z = -1 - -65. Suppose z = -c + 5*c. Let d = -11 + c. What are the prime factors of d?
5
Let s(t) = -2*t**2 + 5*t + 2. Let j be s(3). What are the prime factors of (1/3)/(j/(-36))?
2, 3
Let m(v) = -2*v**3 - 3*v**2 - 16*v - 59. What are the prime factors of m(-6)?
19
Suppose -35 = -v - 0*v. Suppose -v = -6*i + i. Let n = i + 4. List the prime factors of n.
11
Let p(b) = b**3 + 26*b**2 + 39*b + 1. List the prime factors of p(-16).
13, 149
Let p(r) be the first derivative of -3*r**2 - 7*r - 2 + 4*r**2 - 1 + 0*r**2. What are the prime factors of p(14)?
3, 7
Suppose -251 = -d + 2847. List the prime factors of d.
2, 1549
Suppose -5*y + 6*y + 7 = 0. Let n(x) = -x - 4. Let a be n(y). Suppose -a*o = -4*z - 55, 2*o - 69 = -2*o + z. List the prime factors of o.
17
Let a(v) = -5*v - 2. Let l be a(-2). Suppose d = 2*o - d - 982, -1473 = -3*o - 3*d. Suppose -l*i + o = 163. List the prime factors of i.
41
Let p = -14 + 17. Suppose 6 + 9 = p*t. Suppose 5 = -4*u + t*u. List the prime factors of u.
5
Suppose 4*w - 2*g + 5*g = -9, 5*w - 4*g = -50. Let b = w + 8. Suppose b*a + l = 14, -2*l = -l - 2. List the prime factors of a.
2, 3
Suppose -5*n + 71 = -2*n + 5*i, 3*n = -3*i + 69. Let a = n + -18. List the prime factors of a/(1/(18/4)).
2, 3
Suppose -26*d + 27*d = 4*b + 1464, -3*d - 4*b + 4344 = 0. List the prime factors of d.
2, 3, 11
Suppose 0 = -2*c - 2*v + 154, 2*c + 149 = 4*c - 3*v. Let t = -13 + c. List the prime factors of t.
3, 7
What are the prime factors of 9/((-468)/(-19123)) - (-2)/8?
2, 23
List the prime factors of ((-1210)/(-14) - 6/14)*4.
2, 43
Let m = -448 + 630. List the prime factors of m.
2, 7, 13
Suppose 